+ 24 = 0. What is the greatest common factor of 318 and g?
6
Let w(y) = y**2 - 18 + 6 - 108*y + 103*y. Let h be w(-3). Calculate the greatest common factor of h and 48.
12
Let h(r) = 5*r**2 + 50*r - 100. Let m be h(-12). Suppose -3*x + 15 = -15. Calculate the highest common factor of m and x.
10
Suppose 2*h - 27 = t, -12*t = h - 10*t - 1. What is the highest common factor of h and 99?
11
Let z = 25 + -5. Let d = 75 + 25. Calculate the greatest common factor of z and d.
20
Let b = 65 + -53. What is the highest common divisor of 96 and b?
12
Let h = -2405 - -2415. What is the highest common factor of h and 700?
10
Suppose 4*j = 5*j + 5. Let x be 5*(-3 + (-21)/j). Calculate the highest common divisor of x and 3.
3
Let m(q) = -4*q**2 + 31*q + 3. Let i be m(7). Let u be (-30*(-6)/i)/(2/4). Let j(o) = 23*o - 2. Let s be j(4). Calculate the highest common divisor of s and u.
15
Suppose -152 = 2*d + 2*d. Let g be -3 + 3*d/(-6). Let z be 4/g*-9*-60. What is the greatest common factor of z and 15?
15
Let r(n) = n**2 + 7*n - 107. Let h be r(13). Let q = -28 + 45. Calculate the highest common factor of h and q.
17
Let u be ((-216)/(-162))/((-6)/(-729)*3). Calculate the highest common divisor of u and 90.
18
Let k be (10/(-1))/(-5)*68. What is the highest common factor of k and 68?
68
Suppose 0 = -3*h - 2*c + 13, 9*c + 5 = 5*h + 4*c. Suppose -2*s = h + 13. Let j be s/12 + (-28)/(-6). Calculate the greatest common divisor of 4 and j.
4
Suppose 34*x - 52*x = -1206. Calculate the highest common factor of 536 and x.
67
Suppose -3*r + 6911 = -2*s - 3*s, 2*r = -4*s + 4578. Let l be 2/(-17) - (6 + r/(-17)). What is the highest common factor of l and 43?
43
Let a(w) = w**2 - 16*w - 2. Let b be a(16). Let d be (-2 + 452)*b/(-5). Suppose -5*z = -3*z - d. What is the greatest common divisor of 60 and z?
30
Let p be 1316*(-1 - (-143)/91). What is the highest common factor of p and 32?
16
Suppose 15*q = 178 - 28. Calculate the highest common factor of q and 45.
5
Suppose 2*v + 3*v = 415. Let w = -56 + v. What is the highest common divisor of w and 297?
27
Suppose 0*y - 5*y + 129 = 4*l, -5*y = 5*l - 125. Suppose 5*o - 704 + y = 0. Calculate the greatest common divisor of o and 54.
27
Let l = 27 + -22. Suppose -4*k = -l*k - 2. Let p = 12 - k. What is the highest common divisor of p and 14?
14
Let m(r) = -6*r**2 + r - 33. Let f(p) = 9*p**2 - p + 49. Let i(x) = 5*f(x) + 7*m(x). Let l be i(-3). What is the highest common factor of 10 and l?
5
Let d(y) = y**2 + 18*y + 37. Let a be d(-16). Suppose -593 = -a*k - 143. What is the greatest common divisor of 36 and k?
18
Let o(k) = 15*k + 207. Let a be o(-7). What is the greatest common divisor of 17 and a?
17
Let f = -13 + 15. Let j(v) be the first derivative of -v**4/4 - 2*v**3 - 3*v**2 + 2. Let q be j(-5). Calculate the highest common factor of q and f.
1
Suppose 2*b + 12 = 3*w, 25*w + 3*b - 1 = 20*w. Calculate the greatest common divisor of 8 and w.
2
Let v(h) = 89*h - 1034. Let z be v(12). What is the highest common factor of 782 and z?
34
Let j(q) = -q**2 + 17*q + 1. Let t be j(16). Let h = -52 + 137. What is the highest common divisor of t and h?
17
Suppose -3*f + 274 = -0*f + 4*k, -4*f - 5*k = -367. What is the greatest common divisor of f and 196?
98
Let q(i) be the first derivative of -i**2 + 2*i + 2. Let o be q(-3). Suppose 12*t - 269 - 115 = 0. Calculate the greatest common divisor of o and t.
8
Suppose 0 = -3*f + 2456 - 509. Calculate the greatest common divisor of f and 11.
11
Suppose 5649 - 1671 = 13*r. Let o = r + -218. Calculate the greatest common divisor of o and 22.
22
Let a(s) = 2*s + 1. Let o be a(-1). Let w(u) = -170*u**3 - 2*u**2 + 1. Let p be w(o). Suppose -2*t = -29 - p. Calculate the greatest common divisor of 11 and t.
11
Suppose -3*g + 1482 = -3*o, 4*g - o - 1007 - 972 = 0. What is the highest common divisor of g and 45?
45
Let w = 34 + -30. Let j = 21 + -8. Let y = j - 9. Calculate the greatest common factor of y and w.
4
Suppose -108*a = -128*a + 5640. Calculate the greatest common factor of 6 and a.
6
Suppose -z = 2 - 1. Let m be (1 + 17)*(z + 3). Suppose -y = 0, 10 = h + y + 6. What is the greatest common factor of h and m?
4
Suppose -15*g - 5*s = -20*g + 200, 180 = 5*g - s. What is the greatest common factor of g and 63?
7
Suppose 2*o - 3*o = 132. Let q = -124 - o. What is the highest common divisor of q and 12?
4
Suppose 11 = -4*c + 19. Let w be (c/4)/((-4)/(-64)). What is the greatest common divisor of w and 64?
8
Let j(c) = -c**2 - 28*c - 148. Let i be j(-12). Calculate the greatest common divisor of i and 198.
22
Suppose -2*i + 549 - 329 = 0. Calculate the greatest common factor of 440 and i.
110
Let h(x) = -22*x - 38. Let k be h(-7). Let t = k + -86. What is the highest common factor of 3 and t?
3
Let m = 155 - 80. What is the highest common factor of 60 and m?
15
Suppose -5*l = -0*z + 3*z - 24, 0 = 4*z - 4*l. Suppose 0 = -z*m + 10*m - 364. What is the highest common factor of m and 39?
13
Suppose -3*l = -0*l - y - 222, 0 = -3*l + 5*y + 210. Let h = -50 - -75. What is the greatest common divisor of h and l?
25
Let a be 97 - 1/((-3)/6). Suppose -3*i = 0, i + 3 = 2*u - 11. Let c = u - -4. Calculate the highest common factor of a and c.
11
Suppose -14 = 3*t + 5*q, 1 + 3 = -2*t - 2*q. Suppose -3*v + 5*o = -4*v - 9, 5*v = t*o + 36. Calculate the highest common factor of v and 18.
6
Let w be 1/(-3)*-88*12/8. Let l = -34 + w. What is the highest common factor of 10 and l?
10
Let q be (-3 - (-10)/3)*846. Suppose -19*w = -25*w + q. Calculate the highest common divisor of w and 376.
47
Suppose 0*d + 21*d - 756 = 0. Calculate the greatest common divisor of 48 and d.
12
Suppose -17 + 5 = -4*c. Suppose -2*d = -0*i + i - 18, 5*i - 34 = -c*d. Suppose z = d - 5. Calculate the greatest common divisor of z and 21.
3
Suppose 0*c - 182 = -2*c. Let y be 11 + -5 + 2 + (9 - 4). Calculate the greatest common divisor of y and c.
13
Let l be 915/21 + -1 + (-36)/(-84). What is the highest common divisor of l and 387?
43
Let q be 1/(189/(-24) + 8). Calculate the highest common divisor of q and 52.
4
Suppose -h + v + 1263 = 0, 2*h + 2*v = 718 + 1800. Calculate the highest common divisor of 13 and h.
13
Let i(z) = -10*z - 30. Let w be i(-5). Let b be (-50)/((-1)/66*3). Suppose c = -4*c + b. What is the greatest common factor of w and c?
20
Suppose -5*k + 5879 = 5729. Let i be 1 + (-2)/2 + 20. What is the highest common divisor of k and i?
10
Let n(b) = -b**2 - 5*b + 46. Let r be n(-7). Calculate the highest common divisor of 16 and r.
16
Let d(z) = -z**3 + 5*z**2 + z. Suppose 0 = -5*w + 4*w + 4. Suppose k + w*k = 20. Let j be d(k). What is the highest common divisor of 10 and j?
10
Suppose 4*m = 6*m. Suppose m = -4*g - 3 + 11. Suppose 10 = g*v - 2. Calculate the greatest common divisor of v and 18.
6
Let l = 2 - -2. Suppose 3*d - p + l*p = 21, -3*d = -p - 1. Let m be (3 - 2) + d + 1. Calculate the highest common divisor of m and 12.
4
Let k be 0/2 - (0 - 54). Let i be 5 - -1 - (38 + -59). What is the highest common divisor of i and k?
27
Let d be (-1)/(-1) - (-100 + 1). Let x(k) = -2*k**2 + 89*k - 625. Let j be x(35). Calculate the greatest common divisor of j and d.
20
Let g(k) = 5*k + 10. Let q(x) = -16*x - 30. Let o(y) = 7*g(y) + 2*q(y). Let v be o(6). Calculate the highest common factor of v and 14.
14
Suppose m + 4*t - 35 = 0, t + 0 = 2. Let n be -3*((-1)/(-5))/((-2)/10). What is the greatest common divisor of n and m?
3
Suppose 3*d + 3*u - 75 = 0, -31 - 88 = -5*d + u. What is the highest common factor of 246 and d?
6
Let f be 1 - (-11 + -4 + 3). Let o(d) = -d**2 + 4*d. Let y be o(4). Suppose -k + y = -f. What is the greatest common divisor of 52 and k?
13
Suppose 3183 - 33 = 35*b. What is the highest common factor of 330 and b?
30
Let j(h) = -h**2 + 12*h - 19. Let u be 120/9 - 6 - 4/(-6). Let k be j(u). What is the greatest common divisor of k and 91?
13
Let t be (3/1*(-2)/3)/2. Let x be 1505/105 + 5/3 + t. Calculate the greatest common divisor of 3 and x.
3
Suppose 3*h + h - 3*d = 44, 12 = 3*h + 3*d. Suppose h*i = 9*i - 2. Calculate the greatest common divisor of i and 1.
1
Let n = -180 + 89. Let q = -43 - n. What is the greatest common divisor of 12 and q?
12
Suppose -x + 23 + 4 = 0. Suppose 2*i - z = -2*i +